 base 7, what is 1 - 15556062?
-15556061
In base 5, what is 40213231410 - 2?
40213231403
In base 12, what is 63a - -9aa2?
a520
In base 10, what is -4475 + 4607?
132
In base 7, what is 3 - 130200500?
-130200464
In base 5, what is -220021314 - 30?
-220021344
In base 9, what is 87576 + 111?
87687
In base 16, what is -ae04e + 8?
-ae046
In base 13, what is -c392b10 - 1?
-c392b11
In base 10, what is 46 + 7272?
7318
In base 11, what is -2941 + 5a1?
-2350
In base 4, what is 0 + 320022020102?
320022020102
In base 10, what is 154791709 - -3?
154791712
In base 15, what is -41e172 + -2?
-41e174
In base 11, what is 1a93894 + -4?
1a93890
In base 12, what is -8657 + -804?
-925b
In base 13, what is 3664b2c + c?
3664b3b
In base 2, what is 101001010010000000 - 1001100010?
101001001000011110
In base 7, what is -214 - 5354112?
-5354326
In base 14, what is -1379 - 1918?
-2c93
In base 11, what is -272 + 6183?
5a11
In base 12, what is 3768 + -7?
3761
In base 11, what is -345486 + -107?
-345592
In base 15, what is 4 + 21ddd2e?
21ddd33
In base 14, what is 7 - 810716?
-81070d
In base 8, what is 522 + -46221?
-45477
In base 11, what is 15 + 45300790?
453007a5
In base 5, what is 2324 + 202204?
210033
In base 9, what is 11 - 47001032?
-47001021
In base 5, what is -423 - -22323110?
22322132
In base 15, what is -269 + 184eb?
18282
In base 6, what is -232 - 3042234?
-3042510
In base 11, what is 155357 + 10a?
155466
In base 7, what is -1436 - -10416?
5650
In base 2, what is -1000 - -10111010011100101110?
10111010011100100110
In base 6, what is 222310250 + 0?
222310250
In base 11, what is 4 + 252101aa?
25210203
In base 6, what is -103440 + 230425?
122545
In base 3, what is -2222212102110 + -10100?
-2222212112210
In base 8, what is 34017503 + -1?
34017502
In base 6, what is -4 - -30310040403?
30310040355
In base 16, what is -12c9 - -6fd3?
5d0a
In base 5, what is -41 + 13131211?
13131120
In base 9, what is -44 + 1387884?
1387840
In base 2, what is 10000011 + -101100000110000?
-101011110101101
In base 8, what is -101244 + -111423?
-212667
In base 5, what is 12141 - 33442141?
-33430000
In base 9, what is 654 - -101257?
102022
In base 16, what is 5 - -318a62a?
318a62f
In base 3, what is 11102220 - -212021122?
1000201112
In base 5, what is -13 + -324413414?
-324413432
In base 4, what is 211302113130 + -3?
211302113121
In base 14, what is 3678681 + 5?
3678686
In base 9, what is 1 - 5651162?
-5651161
In base 4, what is 1212103031202 + -11?
1212103031131
In base 12, what is 2 + -4a005022?
-4a005020
In base 7, what is 633213 - -30?
633243
In base 3, what is 1 - -1101020110020212?
1101020110020220
In base 9, what is 5 + 3214066?
3214072
In base 14, what is -86ab94 + 74?
-86ab20
In base 7, what is 2 - 65545651?
-65545646
In base 15, what is 61c - -4b5a6?
4bbc3
In base 14, what is -23041 + 25c?
-22bc3
In base 11, what is a0a5 + -362?
9843
In base 13, what is -11611a63 - 0?
-11611a63
In base 14, what is -1 - c251741?
-c251742
In base 15, what is 984aeb + 32?
984b2d
In base 7, what is 0 + 30505202?
30505202
In base 2, what is 1001111101 + 110010001001101100?
110010010011101001
In base 12, what is -355 + 1a866?
1a511
In base 10, what is -29122929 + 5?
-29122924
In base 6, what is -3 - 45214202?
-45214205
In base 8, what is 36707 + -7273?
27414
In base 5, what is -3032323033 - 4?
-3032323042
In base 11, what is -3 + -1236055?
-1236058
In base 12, what is -2018a - 86?
-20254
In base 13, what is -5 - -4a4933a?
4a49335
In base 10, what is 65954 + 855?
66809
In base 7, what is 1 - 260412611?
-260412610
In base 10, what is 19391845 + -5?
19391840
In base 7, what is -5 + -14060533?
-14060541
In base 14, what is -38995c + -a?
-389968
In base 9, what is -356608 - 356?
-357065
In base 5, what is -303210 + -4421?
-313131
In base 5, what is 10132 + 1144011?
1204143
In base 11, what is 5a90a48 - -3?
5a90a50
In base 6, what is -41410 + -13051?
-54501
In base 7, what is -41 + 1113313?
1113242
In base 10, what is 82 - 328689?
-328607
In base 15, what is 87b - 2e9?
582
In base 16, what is 6 + -f7604?
-f75fe
In base 5, what is 22 - 202431242?
-202431220
In base 13, what is 1b76 - -34b9?
5362
In base 3, what is -10 - -21002211022012002?
21002211022011222
In base 13, what is 3a241 - 159?
3a0b5
In base 7, what is -102602 + -65531?
-201433
In base 5, what is -11410120224 + 2?
-11410120222
In base 13, what is 29 + -463240?
-463214
In base 6, what is 23201443 - 2331?
23155112
In base 4, what is 30300133112 + -120?
30300132332
In base 9, what is -800 - -66770?
65870
In base 6, what is -5 - -4121345343?
4121345334
In base 4, what is -3 + -12313203300023?
-12313203300032
In base 2, what is -1110 + -1000001110100000010?
-1000001110100010000
In base 8, what is -4 + -361546577?
-361546603
In base 3, what is -1200 + -11020012010?
-11020020210
In base 8, what is -24 - -3720047?
3720023
In base 16, what is -1b91fb + -2c?
-1b9227
In base 12, what is -10 - 78782a?
-78783a
In base 6, what is -1045330444 - -315?
-1045330125
In base 5, what is -10233001 - -2441?
-10230010
In base 15, what is -a + -aeb79?
-aeb84
In base 5, what is 14433002 + -141?
14432311
In base 7, what is 50444003 + -25?
50443645
In base 16, what is -9030d6b - 4?
-9030d6f
In base 14, what is dc0 - -1cc8?
2ca8
In base 9, what is 1 - -348637077?
348637078
In base 13, what is 5 + -11622753?
-1162274b
In base 11, what is -75 - 13934?
-139a9
In base 8, what is -2076 - -143562?
141464
In base 10, what is -1 - 17863904?
-17863905
In base 6, what is 322333223 - 400?
322332423
In base 9, what is 6 + 8120385?
8120402
In base 7, what is 316 - -312434?
313053
In base 14, what is 361aa + -52?
36158
In base 8, what is 1032 + -7543?
-6511
In base 3, what is 12111111022220 + -1?
12111111022212
In base 16, what is 2a2a58 + -2?
2a2a56
In base 9, what is -1145 - 115143?
-116288
In base 13, what is 44c51 - 39?
44c15
In base 4, what is 220012230 + 1211102?
221223332
In base 3, what is 22222220101101022 - -10?
22222220101101102
In base 14, what is 1423555 + 4?
1423559
In base 2, what is 11000010 - -11011001111010001?
11011010010010011
In base 13, what is -8 - 446621?
-446629
In base 12, what is -271459 - -61?
-2713b8
In base 14, what is 5a8d46 + 11?
5a8d57
In base 5, what is -1 - 34141114202?
-34141114203
In base 8, what is 653226 + 1?
653227
In base 11, what is 6648942 + -4?
6648939
In base 8, what is -2466 - -103137?
100451
In base 10, what is 278758 - -86?
278844
In base 15, what is 5c - 284231?
-2841c4
In base 3, what is 1102220 - 21122212?
-20012222
In base 14, what is -127 - -10500?
103b7
In base 5, what is 3 - 4300432?
-4300424
In base 14, what is -1a + 28222?
28206
In base 9, what is -2832 + 32872?
30040
In base 15, what is 1d1c + 422?
223e
In base 9, what is -4 + -37770525?
-37770530
In base 2, what is -100 + 1000001001101101010010?
1000001001101101001110
In base 5, what is 343 + 134130002?
134130400
In base 6, what is -2 + -1222523324?
-1222523330
In base 3, what is -11021 - 2022221120?
-2100002211
In base 10, what is 1 - -1331778?
1331779
In base 9, what is 1340442 - -372?
1340824
In base 3, what is 11120 - -10100211120011?
10100211201201
In base 14, what is 1a32b8 + 42?
1a331a
In base 3, what is 2020001012 + 11?
2020001100
In base 14, what is -72db8 - 8?
-72dc2
In base 10, what is 313360 - 29?
313331
In base 12, what is 1b9b + 28a3?
4882
In base 13, what is 6423cb - -10?
64240b
In base 13, what is 9c + -4c00b?
-4bc3c
In base 2, what is -11110000110011000 - 101101?
-11110000111000101
In base 3, what is 110 + -2202101210111010?
-2202101210110200
In base 11, what is -31174 - 350?
-31514
In base 4, what is -13330 - 3032033?
-3112023
In base 13, what is -3c7 + -83?
-47a
In base 6, what is -14040 - -245552?
231512
In base 10, what is -417338 + -39?
-417377
In base 11, what is -9aa + -56?
-a55
In base 10, what is -187 - -1207332?
1207145
In base 6, what is 200400 + -450?
155510
In base 2, what is -101 + 110111011110101101111010?
110111011110101101110101
In base 13, what is c30c2 + -41?
c3081
In base 3, what is -12 - -220012221212112?
220012221212100
In base 6, what is 1310313455 - 0?
1310313455
In base 16, what is -816 - 11e6?
-19fc
In base 6, what is -15351 + -3122143?
-3141534
In base 14, what is -1034 - -16773?
1573d
In base 16, what is bed - dc8?
-1db
In base 8, what i